 is the units digit of 1565?
5
What is the hundreds digit of 230?
2
What is the units digit of 10779?
9
What is the hundreds digit of 2079?
0
What is the hundreds digit of 31460?
4
What is the units digit of 4835?
5
What is the hundreds digit of 5199?
1
What is the hundreds digit of 861?
8
What is the hundreds digit of 11393?
3
What is the tens digit of 26057?
5
What is the units digit of 6633?
3
What is the hundreds digit of 1793?
7
What is the units digit of 51498?
8
What is the thousands digit of 5120?
5
What is the hundreds digit of 1400?
4
What is the thousands digit of 2867?
2
What is the thousands digit of 46285?
6
What is the units digit of 692?
2
What is the units digit of 9047?
7
What is the units digit of 472?
2
What is the thousands digit of 59268?
9
What is the ten thousands digit of 49142?
4
What is the units digit of 135854?
4
What is the hundreds digit of 15061?
0
What is the thousands digit of 8613?
8
What is the tens digit of 2360?
6
What is the tens digit of 580?
8
What is the thousands digit of 1222?
1
What is the thousands digit of 1585?
1
What is the units digit of 7824?
4
What is the hundreds digit of 17233?
2
What is the units digit of 137?
7
What is the units digit of 1125?
5
What is the hundreds digit of 1818?
8
What is the tens digit of 152618?
1
What is the tens digit of 355?
5
What is the units digit of 2018?
8
What is the units digit of 3?
3
What is the hundreds digit of 1013?
0
What is the tens digit of 100736?
3
What is the hundreds digit of 2618?
6
What is the thousands digit of 6603?
6
What is the hundreds digit of 1531?
5
What is the thousands digit of 7019?
7
What is the tens digit of 480?
8
What is the units digit of 695?
5
What is the units digit of 17386?
6
What is the ten thousands digit of 118900?
1
What is the hundreds digit of 403?
4
What is the hundreds digit of 26173?
1
What is the tens digit of 855?
5
What is the units digit of 1095?
5
What is the tens digit of 2873?
7
What is the tens digit of 218?
1
What is the thousands digit of 8712?
8
What is the thousands digit of 26354?
6
What is the tens digit of 1884?
8
What is the thousands digit of 6321?
6
What is the ten thousands digit of 50237?
5
What is the hundreds digit of 82022?
0
What is the thousands digit of 28358?
8
What is the tens digit of 688?
8
What is the units digit of 3485?
5
What is the units digit of 31558?
8
What is the hundreds digit of 4419?
4
What is the hundreds digit of 2800?
8
What is the hundred thousands digit of 154764?
1
What is the tens digit of 7226?
2
What is the ten thousands digit of 92125?
9
What is the thousands digit of 1167?
1
What is the thousands digit of 110999?
0
What is the tens digit of 1563?
6
What is the hundreds digit of 5386?
3
What is the tens digit of 1361?
6
What is the ten thousands digit of 14738?
1
What is the thousands digit of 6896?
6
What is the units digit of 224?
4
What is the tens digit of 915?
1
What is the tens digit of 10222?
2
What is the thousands digit of 7601?
7
What is the tens digit of 79072?
7
What is the units digit of 1474?
4
What is the thousands digit of 86675?
6
What is the hundreds digit of 10002?
0
What is the tens digit of 15392?
9
What is the units digit of 18?
8
What is the thousands digit of 2032?
2
What is the tens digit of 73019?
1
What is the tens digit of 163660?
6
What is the thousands digit of 5650?
5
What is the units digit of 15489?
9
What is the tens digit of 1407?
0
What is the tens digit of 108786?
8
What is the units digit of 14156?
6
What is the hundreds digit of 4957?
9
What is the thousands digit of 1072?
1
What is the tens digit of 5322?
2
What is the units digit of 880?
0
What is the hundreds digit of 1218?
2
What is the thousands digit of 1002?
1
What is the units digit of 7445?
5
What is the units digit of 5676?
6
What is the units digit of 6813?
3
What is the hundreds digit of 1154?
1
What is the ten thousands digit of 20993?
2
What is the units digit of 1324?
4
What is the hundreds digit of 503?
5
What is the units digit of 60899?
9
What is the hundreds digit of 136?
1
What is the thousands digit of 3067?
3
What is the thousands digit of 4303?
4
What is the hundreds digit of 16884?
8
What is the hundreds digit of 25659?
6
What is the tens digit of 1190?
9
What is the hundreds digit of 43711?
7
What is the tens digit of 47608?
0
What is the tens digit of 970?
7
What is the tens digit of 973?
7
What is the thousands digit of 1939?
1
What is the thousands digit of 3267?
3
What is the tens digit of 581?
8
What is the hundreds digit of 8563?
5
What is the tens digit of 1112?
1
What is the tens digit of 3172?
7
What is the thousands digit of 6413?
6
What is the thousands digit of 11999?
1
What is the ten thousands digit of 106790?
0
What is the tens digit of 9107?
0
What is the thousands digit of 12367?
2
What is the tens digit of 531?
3
What is the hundreds digit of 8658?
6
What is the thousands digit of 2994?
2
What is the tens digit of 19439?
3
What is the thousands digit of 5831?
5
What is the thousands digit of 1835?
1
What is the units digit of 144114?
4
What is the thousands digit of 2025?
2
What is the units digit of 23617?
7
What is the tens digit of 25377?
7
What is the hundreds digit of 7460?
4
What is the units digit of 451?
1
What is the thousands digit of 1140?
1
What is the hundreds digit of 3242?
2
What is the units digit of 11035?
5
What is the units digit of 4861?
1
What is the hundreds digit of 3132?
1
What is the tens digit of 928?
2
What is the units digit of 1013?
3
What is the tens digit of 11550?
5
What is the units digit of 1561?
1
What is the ten thousands digit of 38881?
3
What is the hundreds digit of 523?
5
What is the hundreds digit of 17193?
1
What is the thousands digit of 1096?
1
What is the units digit of 477?
7
What is the hundreds digit of 2225?
2
What is the units digit of 41966?
6
What is the hundreds digit of 2355?
3
What is the tens digit of 767?
6
What is the tens digit of 8961?
6
What is the units digit of 518?
8
What is the units digit of 28248?
8
What is the tens digit of 23265?
6
What is the thousands digit of 1140?
1
What is the ten thousands digit of 192780?
9
What is the thousands digit of 1008?
1
What is the units digit of 308?
8
What is the tens digit of 21806?
0
What is the units digit of 4095?
5
What is the hundreds digit of 9060?
0
What is the hundreds digit of 6328?
3
What is the hundreds digit of 876?
8
What is the ten thousands digit of 95380?
9
What is the thousands digit of 38910?
8
What is the hundreds digit of 6082?
0
What is the ten thousands digit of 19136?
1
What is the ten thousands digit of 17527?
1
What is the tens digit of 10023?
2
What is the thousands digit of 10873?
0
What is the units digit of 239?
9
What is the tens digit of 59920?
2
What is the ten thousands digit of 12577?
1
What is the thousands digit of 6015?
6
What is the hundreds digit of 365?
3
What is the units digit of 47870?
0
What is the units digit of 5664?
4
What is the tens digit of 16782?
8
What is the units digit of 9531?
1
What is the thousands digit of 5621?
5
What is the hundreds digit of 8556?
5
What is the tens digit of 7564?
6
What is the ten thousands digit of 35896?
3
What is the ten thousands digit of 38307?
3
What is the units digit of 2207?
7
What is the tens digit of 241?
4
What is the thousands digit of 6836?
6
What is the hundreds digit of 6211?
2
What is the hundreds digit of 5745?
7
What is the hundreds digit of 25122?
1
What is the hundreds digit of 40514?
5
What is the thousands digit of 2541?
2
What is the tens digit of 788?
8
What is the hundreds digit of 1559?
5
What is the tens digit of 12652?
5
What is the thousands digit of 1897?
1
What is the tens digit of 153?
5
What is the units digit of 709?
9
What is the units digit of 2289?
9
What is the units digit of 2204?
4
What is the units digit of 58912?
2
What is the thousands digit of 4551?
4
What is the hundreds digit of 626?
6
What is the thousands digit of 1739?
1
What is the hundreds digit of 35701?
7
What is the thousands digit of 51338?
1
What is the tens digit of 54659?
5
What is the units digit of 19414?
4
What is the hundreds digit of 373?
3
What is the thousands digit of 4068?
4
What is the tens digit of 24699?
9
What is the hundreds di